2/14?
4
Let z be ((-2)/6)/((-5)/195). Suppose z*t - 8171 = 149. What is the hundreds digit of t?
6
Let a = -12418 + 18690. What is the thousands digit of a?
6
Suppose -1 = -4*y + 3*w, 2*y + 2*y = -w + 21. Suppose d + y*d = -3*n - 861, 0 = 2*n - 2*d + 574. Let o = 542 + n. What is the tens digit of o?
5
What is the ten thousands digit of 1 + 34058 + (-36)/24*2?
3
Let m = 6510 + -1229. What is the units digit of m?
1
Let v be (5 - (1 + 6 + -3)) + 89. What is the tens digit of 41190/v + (2/6 - 1)?
5
Let x(h) = 17*h + 20. Let o be x(-2). Let a be 245/o - 3/6. Let l = a + 58. What is the tens digit of l?
4
Let t(x) = -21*x**3 - 5*x**2 + 5*x - 3. Let s be t(2). Let z = s - -844. What is the tens digit of z?
6
Let t = 15281 - 6292. What is the hundreds digit of t?
9
Let n = 1345 - 1352. Let z(h) be the third derivative of -h**4/4 - 4*h**3/3 + h**2. What is the units digit of z(n)?
4
Suppose 4*s - 46 = -5*u - 491, 3*s - 5*u + 325 = 0. What is the tens digit of (s/4)/(-2 + 11/6)?
6
Let v(h) = -h**3 - 18*h**2 + 35*h + 4. Suppose -l - 21 = -1. What is the hundreds digit of v(l)?
1
Suppose -3*f = m - 15, -5*f + m = -2*m - 25. Suppose 0 = f*d + c - 2184, -50*c = -3*d - 45*c + 1316. What is the units digit of d?
7
Suppose 5651*b - 5641*b - 127590 = 0. What is the hundreds digit of b?
7
Suppose 1846787 = -109*p + 6920083. What is the tens digit of p?
4
Suppose -10*c + 79043 + 41057 = 0. What is the tens digit of c?
1
Suppose 4*u = 3*i + 9794, 0 = 8*i - 6*i - u + 6531. Let r = i - -5028. What is the thousands digit of r?
1
Let c(a) = 2966*a + 216. What is the thousands digit of c(3)?
9
Let q(f) = f**3 + 3*f**2 - 2*f + 20. Let p be q(7). Suppose 5*b + h = -3*h + p, -2*b + 195 = 5*h. What is the units digit of b?
0
Let v = 2268 + 15157. What is the hundreds digit of v?
4
Suppose g = -4*g - 5*k - 2210, 5*k = -15. Let m = -100 - g. What is the hundreds digit of m?
3
Let a(d) = 4*d - 22 + 17*d + 55. Let l be a(7). Suppose 4*j = 5*s + 1129 - 334, -j = -5*s - l. What is the hundreds digit of j?
2
What is the hundreds digit of (-1 + 5)*5*26047/70?
4
Let z(k) = k + 13. Let t be z(-7). Let c be (t/5)/(6/15). Suppose -1670 = -c*i - 7*i. What is the hundreds digit of i?
1
Suppose -19*y = -9*y - 50. Let v(s) = 2*s**3 + 2*s**2 - 5*s - 11. What is the hundreds digit of v(y)?
2
Let y(c) = 7*c**2 + 38*c - 47. What is the thousands digit of y(-69)?
0
Suppose 5*y = -0*y - 2*y. Suppose y = 6*t - 9*t - 5*l + 4649, -4*t + 5*l + 6257 = 0. What is the hundreds digit of t?
5
Let i = 11 - 34. Let s = 15 + i. What is the units digit of (18/15)/(s/(-180))?
7
Let u be ((-58576)/24 - 6)/(6/(-9)). What is the hundreds digit of ((-60)/(-150))/(4/u)?
3
Let h(y) = 188*y**2 + 7. Let z be h(2). Let j = -35 + z. What is the tens digit of j?
2
Suppose 4*y + 2*d - 42830 = 0, -29*d + 33*d = -4*y + 42840. What is the units digit of y?
5
Suppose -67*t + 12 = -64*t. Suppose -3808 = t*l - 12*l. What is the units digit of l?
6
Let f = 5662 + 6536. What is the hundreds digit of f?
1
Suppose 12*x = -69 + 237. What is the tens digit of x?
1
Let o = 265 + -275. Suppose -4*y - 3 = n, 5*n - 29 = -y + 3*y. What is the tens digit of (306/15)/(y/o)?
0
Suppose 4*q = -n + 6474 - 2549, 0 = -n - 2*q + 3933. What is the tens digit of n?
4
Let c = -5710 + 23179. What is the thousands digit of c?
7
Suppose 0 = -3*w + 10 + 26. Let r = w - -43. What is the tens digit of 2728/r - (-4)/10?
5
Let h be ((-40)/(-14) - 2)/((-19)/(-133)). Let j be 0/3 + -22*h/4. Let x = j + 40. What is the units digit of x?
7
Suppose -1597 = -5*a + 3*d - 87, -5*a + 1510 = -5*d. Suppose -1024 = -2*w + 5*y, a + 197 = w + 4*y. What is the hundreds digit of w?
5
Suppose 44 = -0*w + w. Suppose 211*f - 206*f = 510. Let t = w + f. What is the units digit of t?
6
Suppose 31 = 3*g + 4*w, 3*g + 2*w + 1 = 6*w. Suppose -9*c = -g*m - 6*c + 3937, -1575 = -2*m + c. What is the units digit of m?
8
Suppose -w - 4*d - 17 = 0, -5*w - d - 108 = -4*d. Let y = 40 - w. What is the units digit of (-8)/12*-3 + y?
3
Let o(f) = 20*f - 298. Let d be o(-25). What is the hundreds digit of 6*(-8)/(96/d) + -3?
3
Let d(u) = -3*u**2 - 2*u + 1070. Let y(x) = 6*x - 72. Let p be y(12). What is the hundreds digit of d(p)?
0
Let i be (48/4)/3*1/2. Suppose -12*b + 17*b + 5*z - 3285 = 0, 4*z = -i*b + 1320. What is the hundreds digit of b?
6
Let x(j) = -j**3 + 12*j**2 + 6*j - 5. Let w be (-6)/39 + 264/26. Let i be x(w). Suppose -p + i = 4*y - 0*y, -y = -4*p - 68. What is the units digit of y?
4
Suppose -2*v - 10567 + 80965 = -4*s, -5*s = 0. What is the thousands digit of v?
5
Suppose -4*i = 4*n - 16376, 129*n - 131*n - 12287 = -3*i. What is the tens digit of i?
9
Let d(z) = 14*z**2 - 5*z - 4. Let x be d(4). Let y = x + -141. What is the tens digit of y?
5
Let c(t) = 66176*t**2 - 4*t + 6. What is the units digit of c(1)?
8
Let k = -71392 - -101820. What is the ten thousands digit of k?
3
Let r be (8*(-25)/(-20))/((-2)/(-2)). Suppose r - 70 = -12*t. What is the units digit of t?
5
Let v(z) = 23*z**2 - 77*z - 825. What is the tens digit of v(-15)?
0
Let l be (2/(-1))/((-6)/1416). Let u = -240 + l. What is the hundreds digit of u?
2
Suppose -4*l + 4*d = -10520, -d - 32 = -29. What is the hundreds digit of l?
6
Suppose 332 = o + 5*f - f, 0 = -2*o + 4*f + 664. What is the hundreds digit of (-1 - 0 - o)/(-7 + 6)?
3
Let s(j) = -j + 2*j**2 - 2*j**2 - 87*j**3 + 91*j**3. Let v be s(2). Suppose -486 + v = -4*y. What is the tens digit of y?
1
Let j = -49 + 49. Let n = 2 - j. Suppose -82 = -n*w - 6. What is the tens digit of w?
3
Let d = -336 - -317. What is the tens digit of (-13260)/d + (-42)/(-399)?
9
Let k = 146 - 104. What is the units digit of (-2)/(-4) - (-9177)/k?
9
Suppose 3*b - 27851 = -4*r + 37335, b - 32596 = -2*r. What is the thousands digit of r?
6
Let t = -282 + 278. Suppose 6*f - f = a - 35, 2*a - 84 = 3*f. What is the tens digit of 8630/a - t/18?
9
Let w be 2*107/2 + (9 - 11). Let y = w + -103. Suppose -t = -l + 97, 2*t + 3*t + 194 = y*l. What is the units digit of l?
7
Suppose 11*o - 876 = 10*o. Suppose -870*i + o*i - 270 = 0. What is the tens digit of i?
4
Let c = 110918 - 77635. What is the tens digit of c?
8
Let v(z) = z**3 + 5*z**2 - 9*z - 66. What is the units digit of v(12)?
4
Let y(t) = -t**3 + 2*t**2 + 17*t - 8. Let d be y(5). Suppose -d*r - 1598 = -4*s, 311 = 2*s + 4*r - 483. What is the hundreds digit of s?
3
Suppose r = -14*f + 13*f, r = 4*f + 10. Suppose -j = -6*i + 4*i - 1335, -r*j + i = -2682. What is the units digit of j?
3
Suppose 1167*z = 1183*z - 942464. What is the thousands digit of z?
8
Suppose -233*z + 104*z - 126*z = -22332645. What is the thousands digit of z?
7
Let p = -1983 + 14010. What is the thousands digit of p?
2
Suppose m + 9*m = -20. Let d be -2 + 0 - (m + 8 + -7). Let a = 10 - d. What is the tens digit of a?
1
Let q be 9/(-2)*(-4)/3 - 4. Let r be ((-10)/(-3) + q)*90/4. Let x = -33 + r. What is the units digit of x?
7
Let w = -28736 - -58567. What is the tens digit of w?
3
Let d = 1900 - -86. What is the units digit of d?
6
Suppose -4*d + l - 1080 = 0, -d - 253 - 14 = -l. Let v = d + 500. What is the hundreds digit of v?
2
Let o(p) = 5*p**2 + 2*p - 14. Let n be o(-4). Suppose -4*i - n + 2894 = 0. What is the tens digit of i?
0
Let a(v) = 2303*v + 6. What is the units digit of a(4)?
8
What is the hundreds digit of 1*(-159)/6*(-931 + -31 + 28)?
7
Let k(l) = l**2 - 37*l - 36. Let h be k(19). Let x = -211 - h. What is the units digit of x?
7
Let g(w) be the second derivative of w**4/4 + 25*w**3/6 + 3*w**2 - 5*w. Let c be g(-8). What is the units digit of (6/16*2)/(c/(-520))?
5
Let b = 12431 + -5718. What is the units digit of b?
3
Let t(v) = 2*v - 22. Let b = 54 - 43. Let a be t(b). Suppose 0 = 3*n - m - 128, -3*n + 138 = -a*n - 3*m. What is the tens digit of n?
4
What is the ten thousands digit of -21 + (-216)/(-6) + 18619?
1
Let n be (-271)/(-9) - 11/99. Suppose 24*h + 1578 = n*h. What is the units digit of h?
3
Let j(x) = -4*x**3 - 75*x**2 + 54. What is the thousands digit of j(-24)?
2
Suppose 0 = 3*a + 3*q - 40 + 10, q + 1 = 0. Suppose 4*w = -5*d + 55 + 104, -4*d - 5*w + 120 = 0. Let p = a + d. What is the tens digit of p?
4
Let n(u) = 245*u - 32. Let i be n(-3). Let f = i - -1335. What is the hundreds digit of f?
5
Let m(a) = -2*a - 1. Let g(s